{"id":1383,"date":"2023-01-30T14:48:11","date_gmt":"2023-01-30T14:48:11","guid":{"rendered":"https:\/\/loatys.com\/?page_id=1383"},"modified":"2023-01-30T18:00:02","modified_gmt":"2023-01-30T18:00:02","slug":"le-jeux-des-pme","status":"publish","type":"page","link":"https:\/\/loatys.com\/index.php\/le-jeux-des-pme\/","title":{"rendered":"Le jeux des PME"},"content":{"rendered":"\t\t<div data-elementor-type=\"wp-page\" data-elementor-id=\"1383\" class=\"elementor elementor-1383\" data-elementor-post-type=\"page\">\n\t\t\t\t\t\t<section class=\"elementor-section elementor-top-section elementor-element elementor-element-d98d570 elementor-section-boxed elementor-section-height-default elementor-section-height-default\" data-id=\"d98d570\" data-element_type=\"section\" data-e-type=\"section\">\n\t\t\t\t\t\t<div class=\"elementor-container elementor-column-gap-default\">\n\t\t\t\t\t<div class=\"elementor-column elementor-col-100 elementor-top-column elementor-element elementor-element-56905cb\" data-id=\"56905cb\" data-element_type=\"column\" data-e-type=\"column\">\n\t\t\t<div class=\"elementor-widget-wrap elementor-element-populated\">\n\t\t\t\t\t\t<div class=\"elementor-element elementor-element-4a098fb elementor-widget elementor-widget-text-editor\" data-id=\"4a098fb\" data-element_type=\"widget\" data-e-type=\"widget\" data-widget_type=\"text-editor.default\">\n\t\t\t\t<div class=\"elementor-widget-container\">\n\t\t\t\t\t\t\t\t\t<p style=\"text-align: center;\">Tu dois r\u00e9soudre le jeu ci-dessous pour trouver une lettre qui va t\u2019aider \u00e0 d\u00e9couvrir ton mot myst\u00e8re.<\/p><p style=\"text-align: center;\">Pour profiter totalement de cette exp\u00e9rience, il est pr\u00e9f\u00e9rable de jouer sur ordinateur en plein \u00e9cran.<\/p>\t\t\t\t\t\t\t\t<\/div>\n\t\t\t\t<\/div>\n\t\t\t\t\t<\/div>\n\t\t<\/div>\n\t\t\t\t\t<\/div>\n\t\t<\/section>\n\t\t\t\t<section class=\"elementor-section elementor-top-section elementor-element elementor-element-6fd5880 elementor-section-boxed elementor-section-height-default elementor-section-height-default\" data-id=\"6fd5880\" data-element_type=\"section\" data-e-type=\"section\">\n\t\t\t\t\t\t<div class=\"elementor-container elementor-column-gap-default\">\n\t\t\t\t\t<div class=\"elementor-column elementor-col-100 elementor-top-column elementor-element elementor-element-2ed73b9\" data-id=\"2ed73b9\" data-element_type=\"column\" data-e-type=\"column\">\n\t\t\t<div class=\"elementor-widget-wrap elementor-element-populated\">\n\t\t\t\t\t\t<div class=\"elementor-element elementor-element-440b6d9 elementor-widget elementor-widget-html\" data-id=\"440b6d9\" data-element_type=\"widget\" data-e-type=\"widget\" data-widget_type=\"html.default\">\n\t\t\t\t<div class=\"elementor-widget-container\">\n\t\t\t\t\t<div style=\"width: 100%;\"><div style=\"position: relative; padding-bottom: 56.25%; padding-top: 0; height: 0;\"><iframe title=\"Jeu Loatys\" frameborder=\"0\" width=\"1200\" height=\"675\" style=\"position: absolute; top: 0; left: 0; width: 100%; height: 100%;\" src=\"https:\/\/view.genial.ly\/63d12c5e1b9ac60018c289c7\" type=\"text\/html\" allowscriptaccess=\"always\" allowfullscreen=\"true\" scrolling=\"yes\" allownetworking=\"all\"><\/iframe> <\/div> <\/div>\t\t\t\t<\/div>\n\t\t\t\t<\/div>\n\t\t\t\t\t<\/div>\n\t\t<\/div>\n\t\t\t\t\t<\/div>\n\t\t<\/section>\n\t\t\t\t<\/div>\n\t\t","protected":false},"excerpt":{"rendered":"<p>Tu dois r\u00e9soudre le jeu ci-dessous pour trouver une lettre qui va t\u2019aider \u00e0 d\u00e9couvrir ton mot myst\u00e8re. Pour profiter totalement de cette exp\u00e9rience, il est pr\u00e9f\u00e9rable de jouer sur ordinateur en plein \u00e9cran.<\/p>\n","protected":false},"author":1,"featured_media":0,"parent":0,"menu_order":0,"comment_status":"closed","ping_status":"closed","template":"","meta":{"footnotes":""},"class_list":["post-1383","page","type-page","status-publish","hentry"],"_links":{"self":[{"href":"https:\/\/loatys.com\/index.php\/wp-json\/wp\/v2\/pages\/1383","targetHints":{"allow":["GET"]}}],"collection":[{"href":"https:\/\/loatys.com\/index.php\/wp-json\/wp\/v2\/pages"}],"about":[{"href":"https:\/\/loatys.com\/index.php\/wp-json\/wp\/v2\/types\/page"}],"author":[{"embeddable":true,"href":"https:\/\/loatys.com\/index.php\/wp-json\/wp\/v2\/users\/1"}],"replies":[{"embeddable":true,"href":"https:\/\/loatys.com\/index.php\/wp-json\/wp\/v2\/comments?post=1383"}],"version-history":[{"count":8,"href":"https:\/\/loatys.com\/index.php\/wp-json\/wp\/v2\/pages\/1383\/revisions"}],"predecessor-version":[{"id":1391,"href":"https:\/\/loatys.com\/index.php\/wp-json\/wp\/v2\/pages\/1383\/revisions\/1391"}],"wp:attachment":[{"href":"https:\/\/loatys.com\/index.php\/wp-json\/wp\/v2\/media?parent=1383"}],"curies":[{"name":"wp","href":"https:\/\/api.w.org\/{rel}","templated":true}]}}